{"id":1721,"date":"2025-04-07T18:24:36","date_gmt":"2025-04-07T16:24:36","guid":{"rendered":"https:\/\/xpand.one\/de\/stiftung\/?post_type=angebot&#038;p=1721"},"modified":"2026-02-18T08:36:15","modified_gmt":"2026-02-18T07:36:15","slug":"kreative-lebensplanung","status":"publish","type":"angebot","link":"https:\/\/xpand.one\/de\/stiftung\/angebot\/kreative-lebensplanung\/","title":{"rendered":"Kreative Lebensplanung"},"content":{"rendered":"<div style='display:none;' class='acf-hidden-content'>\nBild: https:\/\/xpand.one\/de\/stiftung\/wp-content\/uploads\/IMG_3495-scaled-e1722939991352.jpg<br \/>\nUntertitel: Was steckt in Ihnen an Potenzial? Wo wollen Sie damit hin?<br \/>\nDer xpand-Klassiker, der tausenden Menschen geholfen hat, berufliche und private Wege zu gestalten und Gottes Weg mit einem zu erkennen.<br \/>\nInhalt_bereich_0_bild_auswahl:<br \/>\nInhalt_bereich_0_bild:<br \/>\nInhalt_bereich_0_titel_auswahl: 1<br \/>\nInhalt_bereich_0_titel: <\/p>\n<p>So gestalten Sie Ihre Zukunft &#8211; zielbewusst, kreativ und erfolgreich<\/p>\n<p>Inhalt_bereich_0_text_auswahl: 1<br \/>\nInhalt_bereich_0_text: <\/p>\n<p>Sie stehen vor einem wichtigen Lebensabschnitt: Irgendetwas geht zu Ende, sie wissen aber noch nicht was kommt?<br \/>\nDer Workshop \u201eKreative Lebensplanung\u201c ist daf\u00fcr genau das Richtige:<br \/>\n\u2022 Lernen Sie sich selbst und Ihre W\u00fcnsche, Grenzen und Hoffnungen neu kennen.<br \/>\n\u2022 Werden Sie sich Ihrer pers\u00f6nlichen Ressourcen (Gaben, F\u00e4higkeiten, Pers\u00f6nlichkeit, Werte) bewusst.<br \/>\n\u2022 Entdecken Sie, wie Sie Ihre Potentiale in ver\u00e4nderter Weise einsetzen k\u00f6nnen.<br \/>\n\u2022 Entwickeln Sie konkrete Ziele f\u00fcr Ihre Zukunft.<br \/>\n\u2022 Gehen Sie mutig erste Schritte in diesem wichtigen Ver\u00e4nderungsprozess.<\/p>\n<p>Inhalt_bereich_0_akkordion_element_auswahl: 1<br \/>\nInhalt_bereich_0_akkordion_0_titel: Was ist KLP?<br \/>\nInhalt_bereich_0_akkordion_0_text: <\/p>\n<p>KLP ist ein Workshop, der Sie dabei unterst\u00fctzt, sich<br \/>\n\u2022 Ihrer pers\u00f6nlichen W\u00fcnsche und Hoffnungen bewusst zu werden,<br \/>\n\u2022 Ressourcen\u00a0 zu entdecken,<br \/>\n\u2022 neue Perspektiven zu gewinnen<br \/>\n\u2022 konkrete Ziele f\u00fcr die bevorstehende Lebensphase zu entwickeln.<\/p>\n<p>Inhalt_bereich_0_akkordion_1_titel: F\u00fcr wen eignet sich der KLP-Workshop?<br \/>\nInhalt_bereich_0_akkordion_1_text: <\/p>\n<p>F\u00fcr alle zwischen 18 und 99, wenn Sie bewusst und aktiv Verantwortung f\u00fcr ihr Leben \u00fcbernehmen wollen. F\u00fchrungskr\u00e4fte und Personen in Leitungspositionen profitieren vom KLP-Workshop in besonderer Weise.<\/p>\n<p>Inhalt_bereich_0_akkordion_2_titel: Welche Themen werden angesprochen?<br \/>\nInhalt_bereich_0_akkordion_2_text: <\/p>\n<ul>\n<li>Eigene Potenzial erkennen<br \/>\n&#8211; Gaben<br \/>\n&#8211; F\u00e4higkeiten<br \/>\n&#8211; Pers\u00f6nlichkeit<br \/>\n&#8211; Werte<br \/>\n&#8211; etc.<\/li>\n<li>Auf Gott h\u00f6ren<\/li>\n<li>Den Auftrag, das Mission Statement des Lebens erkennen<\/li>\n<li>Ein Bild f\u00fcr dieZukunft entwickeln<\/li>\n<li>konkrete Schritte der Umsetzung erarbeiten<\/li>\n<\/ul>\n<p>Inhalt_bereich_0_akkordion_3_titel: Wie k\u00f6nnen Organisationen und Unternehmen KLP f\u00fcr ihre Mitarbeitenden anbieten?<br \/>\nInhalt_bereich_0_akkordion_3_text: <\/p>\n<p>Non-Profit-Organisationen und Unternehmen k\u00f6nnen ihren Mitarbeitenden die individuelle Teilnahme an dem Intensiv-Workshop\u00a0 erm\u00f6glichen. Sie k\u00f6nnen ebenfalls einen ma\u00dfgeschneiderten Pr\u00e4senz-Workshop f\u00fcr ihr Unternehmen buchen.<\/p>\n<p>Inhalt_bereich_0_flip_box_auswahl:<br \/>\nInhalt_bereich_0_flip_box_titel_vorderseite:<br \/>\nInhalt_bereich_0_flip_box_text_rueckseite:<br \/>\nInhalt_bereich_0_video_auswahl:<br \/>\nInhalt_bereich_0_video_quelle:<br \/>\nInhalt_bereich_0_video_vorschaubild:<br \/>\nInhalt_bereich_0_video_datei:<br \/>\nInhalt_bereich_0_video_youtube:<br \/>\nInhalt_bereich_0_button_auswahl:<br \/>\nInhalt_bereich_0_button_titel:<br \/>\nInhalt_bereich_0_button_link:<br \/>\nReferenten_ansprechpartner_berater_titel: Referenten<br \/>\nTermin_ja:<br \/>\nTermin_von: 20251121<br \/>\nTermin_bis: 20251123<br \/>\nTermin_termine:<br \/>\nDownloads_ja:<br \/>\nDownloads_downloads:<br \/>\nReferenzen_ja:<br \/>\nReferenzen_zitate:<br \/>\nModule_ja:<br \/>\nModule_module:<br \/>\nInfos_0_titel: Online-Training als Pre-Teaching<br \/>\nInfos_0_text: <\/p>\n<p>In Vorbereitung des Seminars ist das Online-Training &#8222;Abenteuer Berufung&#8220; durchzuarbeiten. In diesem Training werden die Potenzialeinsch\u00e4tzungen angeboten, die Voraussetzung f\u00fcr den Pr\u00e4senzworkshop sind.<\/p>\n<p>Infos_1_titel: Kosten<br \/>\nInfos_1_text: <\/p>\n<p>390 Euro (keine MWSt!) zzgl. Unterkunft und Verpflegung<\/p>\n<p>&nbsp;<\/p>\n<p>Infos_2_titel: Termin<br \/>\nInfos_2_text: <\/p>\n<p>Auf Anfrage<\/p>\n<p>Formular_titel: Anfrage\/Anmeldung<br \/>\nFormular_allgemeines_formular: 1<br \/>\nFormular_formular_id:\n<\/p><\/div>\n","protected":false},"template":"","kategorie":[11],"class_list":["post-1721","angebot","type-angebot","status-publish","hentry","kategorie-training","no-post-thumbnail"],"acf":[],"_links":{"self":[{"href":"https:\/\/xpand.one\/de\/stiftung\/wp-json\/wp\/v2\/angebot\/1721","targetHints":{"allow":["GET"]}}],"collection":[{"href":"https:\/\/xpand.one\/de\/stiftung\/wp-json\/wp\/v2\/angebot"}],"about":[{"href":"https:\/\/xpand.one\/de\/stiftung\/wp-json\/wp\/v2\/types\/angebot"}],"wp:attachment":[{"href":"https:\/\/xpand.one\/de\/stiftung\/wp-json\/wp\/v2\/media?parent=1721"}],"wp:term":[{"taxonomy":"kategorie","embeddable":true,"href":"https:\/\/xpand.one\/de\/stiftung\/wp-json\/wp\/v2\/kategorie?post=1721"}],"curies":[{"name":"wp","href":"https:\/\/api.w.org\/{rel}","templated":true}]}}

<div style='display:none;' class='acf-hidden-content'>
Bild: https://xpand.one/de/stiftung/wp-content/uploads/IMG_3495-scaled-e1722939991352.jpg<br />
Untertitel: Was steckt in Ihnen an Potenzial? Wo wollen Sie damit hin?<br />
Der xpand-Klassiker, der tausenden Menschen geholfen hat, berufliche und private Wege zu gestalten und Gottes Weg mit einem zu erkennen.<br />
Inhalt_bereich_0_bild_auswahl:<br />
Inhalt_bereich_0_bild:<br />
Inhalt_bereich_0_titel_auswahl: 1<br />
Inhalt_bereich_0_titel: </p>
<p>So gestalten Sie Ihre Zukunft &#8211; zielbewusst, kreativ und erfolgreich</p>
<p>Inhalt_bereich_0_text_auswahl: 1<br />
Inhalt_bereich_0_text: </p>
<p>Sie stehen vor einem wichtigen Lebensabschnitt: Irgendetwas geht zu Ende, sie wissen aber noch nicht was kommt?<br />
Der Workshop „Kreative Lebensplanung“ ist dafür genau das Richtige:<br />
• Lernen Sie sich selbst und Ihre Wünsche, Grenzen und Hoffnungen neu kennen.<br />
• Werden Sie sich Ihrer persönlichen Ressourcen (Gaben, Fähigkeiten, Persönlichkeit, Werte) bewusst.<br />
• Entdecken Sie, wie Sie Ihre Potentiale in veränderter Weise einsetzen können.<br />
• Entwickeln Sie konkrete Ziele für Ihre Zukunft.<br />
• Gehen Sie mutig erste Schritte in diesem wichtigen Veränderungsprozess.</p>
<p>Inhalt_bereich_0_akkordion_element_auswahl: 1<br />
Inhalt_bereich_0_akkordion_0_titel: Was ist KLP?<br />
Inhalt_bereich_0_akkordion_0_text: </p>
<p>KLP ist ein Workshop, der Sie dabei unterstützt, sich<br />
• Ihrer persönlichen Wünsche und Hoffnungen bewusst zu werden,<br />
• Ressourcen  zu entdecken,<br />
• neue Perspektiven zu gewinnen<br />
• konkrete Ziele für die bevorstehende Lebensphase zu entwickeln.</p>
<p>Inhalt_bereich_0_akkordion_1_titel: Für wen eignet sich der KLP-Workshop?<br />
Inhalt_bereich_0_akkordion_1_text: </p>
<p>Für alle zwischen 18 und 99, wenn Sie bewusst und aktiv Verantwortung für ihr Leben übernehmen wollen. Führungskräfte und Personen in Leitungspositionen profitieren vom KLP-Workshop in besonderer Weise.</p>
<p>Inhalt_bereich_0_akkordion_2_titel: Welche Themen werden angesprochen?<br />
Inhalt_bereich_0_akkordion_2_text: </p>
<ul>
<li>Eigene Potenzial erkennen<br />
&#8211; Gaben<br />
&#8211; Fähigkeiten<br />
&#8211; Persönlichkeit<br />
&#8211; Werte<br />
&#8211; etc.</li>
<li>Auf Gott hören</li>
<li>Den Auftrag, das Mission Statement des Lebens erkennen</li>
<li>Ein Bild für dieZukunft entwickeln</li>
<li>konkrete Schritte der Umsetzung erarbeiten</li>
</ul>
<p>Inhalt_bereich_0_akkordion_3_titel: Wie können Organisationen und Unternehmen KLP für ihre Mitarbeitenden anbieten?<br />
Inhalt_bereich_0_akkordion_3_text: </p>
<p>Non-Profit-Organisationen und Unternehmen können ihren Mitarbeitenden die individuelle Teilnahme an dem Intensiv-Workshop  ermöglichen. Sie können ebenfalls einen maßgeschneiderten Präsenz-Workshop für ihr Unternehmen buchen.</p>
<p>Inhalt_bereich_0_flip_box_auswahl:<br />
Inhalt_bereich_0_flip_box_titel_vorderseite:<br />
Inhalt_bereich_0_flip_box_text_rueckseite:<br />
Inhalt_bereich_0_video_auswahl:<br />
Inhalt_bereich_0_video_quelle:<br />
Inhalt_bereich_0_video_vorschaubild:<br />
Inhalt_bereich_0_video_datei:<br />
Inhalt_bereich_0_video_youtube:<br />
Inhalt_bereich_0_button_auswahl:<br />
Inhalt_bereich_0_button_titel:<br />
Inhalt_bereich_0_button_link:<br />
Referenten_ansprechpartner_berater_titel: Referenten<br />
Termin_ja:<br />
Termin_von: 20251121<br />
Termin_bis: 20251123<br />
Termin_termine:<br />
Downloads_ja:<br />
Downloads_downloads:<br />
Referenzen_ja:<br />
Referenzen_zitate:<br />
Module_ja:<br />
Module_module:<br />
Infos_0_titel: Online-Training als Pre-Teaching<br />
Infos_0_text: </p>
<p>In Vorbereitung des Seminars ist das Online-Training &#8222;Abenteuer Berufung&#8220; durchzuarbeiten. In diesem Training werden die Potenzialeinschätzungen angeboten, die Voraussetzung für den Präsenzworkshop sind.</p>
<p>Infos_1_titel: Kosten<br />
Infos_1_text: </p>
<p>390 Euro (keine MWSt!) zzgl. Unterkunft und Verpflegung</p>
<p>&nbsp;</p>
<p>Infos_2_titel: Termin<br />
Infos_2_text: </p>
<p>Auf Anfrage</p>
<p>Formular_titel: Anfrage/Anmeldung<br />
Formular_allgemeines_formular: 1<br />
Formular_formular_id:
</p></div>
