{"id":1081,"date":"2024-10-08T11:37:48","date_gmt":"2024-10-08T09:37:48","guid":{"rendered":"https:\/\/xpand.one\/de-stiftung\/?page_id=1081"},"modified":"2026-02-18T09:11:15","modified_gmt":"2026-02-18T08:11:15","slug":"impressum","status":"publish","type":"page","link":"https:\/\/xpand.one\/de\/stiftung\/impressum\/","title":{"rendered":"Impressum"},"content":{"rendered":"<div id=\"cs-content\" class=\"cs-content\"><div class=\"x-section e1081-e1 mu1-0\"><div class=\"x-row x-container max width e1081-e2 mu1-3 mu1-4\"><div class=\"x-row-inner\"><div class=\"x-col e1081-e3 mu1-5\"><div style=\"--tco-dcu1-0:rgb(203,0,26);--tco-dcu1-3:rgb(203,0,26);--tco-dcu1-4:rgb(203,0,26);--tco-dcu1-7:rgb(203,0,26);\" class=\"x-text x-text-headline e1081-e4-v0 mu1-6 mu1-1 is-type-headline\"><div class=\"x-text-content\"><div class=\"x-text-content-text\"><h1 class=\"x-text-content-text-primary\">Impressum<\/h1>\n<\/div><\/div><\/div><div style=\"--tco-dcu1-8:rgb(28, 28, 28);--tco-dcu1-b:rgb(28, 28, 28);\" class=\"x-text x-content e1081-e5-v0 mu1-7 mu1-2\"><p>xpand Stiftung <br \/>\nGutenbergstr. 36 <br \/>\n44139 Dortmund <br \/>\nDeutschland<\/p>\n<p><\/p>\n<p>www.xpand.one\/de\/stiftung<\/p>\n<p>Vertretungsberechtigter Vorstand: <br \/>\nDr. Hubertus von Stein <br \/>\nThomas Oetzmann <br \/>\nBeate B\u00f6sche<\/p>\n<p>Registriert beim Amtsgericht Arnsberg AZ 21.13.01-379 <br \/>\nUSt-Identnummer: DE296099348<\/p>\n<p>Bankverbindung: <br \/>\nSpar- und Kreditbank Bad Homburg <br \/>\nIBAN DE89 5009 2100 0001 3131 34 <br \/>\nBIC GENODE51BH2<\/p>\n<p>Telefon: +49 (0) 231 528882 <br \/>\nE-Mail: info@xpand-stiftung.de<\/p>\n<p>Herausgeber:<br \/>\nxpand Stiftung, Gutenbergstr. 36, 44139 Dortmund,\u00a0 Deutschland<\/p>\n<p>Haftung: Die Informationen auf dieser Homepage stellen die zum Zeitpunkt der Publikation neuesten Informationen dar. Die xpand Stiftung beh\u00e4lt sich das Recht vor, bei Bedarf \u00c4nderungen durchzuf\u00fchren. Aus den hier beschriebenen Themenbereichen k\u00f6nnen keine Rechtsanspr\u00fcche abgeleitet werden. S\u00e4mtliche Texte auf der Website wurden sorgf\u00e4ltig gepr\u00fcft. Dessen ungeachtet kann keine Garantie f\u00fcr Richtigkeit, Vollst\u00e4ndigkeit und Aktualit\u00e4t der Angaben \u00fcbernommen werden.<\/p>\n<p>Kunden, die Verbraucher sind, haben die M\u00f6glichkeit eine alternative Streitbeilegung zu nutzen. Der folgende Link der EU-Kommission (auch OS-Plattform genannt) enth\u00e4lt Informationen \u00fcber die Online-Streitschlichtung und dient als zentrale Anlaufstelle zur au\u00dfergerichtlichen Beilegung von Streitigkeiten, die aus Online-Kaufvertr\u00e4gen erwachsen: <a href=\"http:\/\/ec.europa.eu\/consumers\/odr\" target=\"_blank\" rel=\"noopener\">http:\/\/ec.europa.eu\/consumers\/odr<\/a><\/p>\n<p>Informationspflicht gem. Verbraucherstreitbeilegungsgesetz (\u00a7 36 VSBG): Wir sind zur Teilnahme an weiteren Streitbeilegungsverfahren vor einer Verbraucherschlichtungsstelle weder bereit noch verpflichtet.<\/p>\n<p>Copyright: \u00a9 2024 xpand Stiftung Alle Rechte vorbehalten. Die Informationen sind Eigentum der xpand Stiftung. Die Inhalte d\u00fcrfen weder ganz noch teilweise ohne vorherige schriftliche Genehmigung des Urhebers vervielf\u00e4ltigt und\/oder ver\u00f6ffentlicht oder in einem Informationssystem gespeichert werden.<\/p>\n<p>Links: Eigene Links auf fremde Seiten stellen nur Wegweiser zu diesen Seiten dar; sie werden deshalb regelm\u00e4\u00dfig mittels externem Link in einem eigenen Browserfenster dargestellt. Die xpand Stiftung identifiziert sich nicht mit dem Inhalt der Seiten, auf die gelinkt wird und \u00fcbernimmt daf\u00fcr keine Haftung. Sollte eine der Seiten, auf die gelinkt wird, bedenkliche oder rechtswidrige Inhalte aufweisen, wird um Mitteilung ersucht; in einem solchen Falle wird der Link sofort gel\u00f6scht. Links auf diese Website \u2013 auch auf Seiten in der Tiefe \u2013 sind erw\u00fcnscht. Eine \u00dcbernahme des Hauptfensters in ein Frame-Set des Linksetzers ist unzul\u00e4ssig.<\/p><\/div><\/div><\/div><\/div><\/div><\/div>","protected":false},"excerpt":{"rendered":"<p>Impressum xpand Stiftung Gutenbergstr. 36 44139 Dortmund Deutschland www.xpand.one\/de\/stiftung Vertretungsberechtigter Vorstand: Dr. Hubertus von Stein Thomas Oetzmann Beate B\u00f6sche Registriert beim Amtsgericht Arnsberg AZ 21.13.01-379 USt-Identnummer: DE296099348 Bankverbindung: Spar- und Kreditbank Bad Homburg IBAN DE89 5009 2100 0001 3131 34 BIC GENODE51BH2 Telefon: +49 (0) 231 528882 E-Mail: info@xpand-stiftung.de Herausgeber: xpand Stiftung, Gutenbergstr. 36, 44139 Dortmund,\u00a0 Deutschland Haftung: Die Informationen&hellip;<\/p>\n","protected":false},"author":2,"featured_media":0,"parent":0,"menu_order":0,"comment_status":"closed","ping_status":"closed","template":"template-blank-4.php","meta":{"_acf_changed":false,"inline_featured_image":false,"footnotes":""},"class_list":["post-1081","page","type-page","status-publish","hentry","no-post-thumbnail"],"acf":[],"_links":{"self":[{"href":"https:\/\/xpand.one\/de\/stiftung\/wp-json\/wp\/v2\/pages\/1081","targetHints":{"allow":["GET"]}}],"collection":[{"href":"https:\/\/xpand.one\/de\/stiftung\/wp-json\/wp\/v2\/pages"}],"about":[{"href":"https:\/\/xpand.one\/de\/stiftung\/wp-json\/wp\/v2\/types\/page"}],"author":[{"embeddable":true,"href":"https:\/\/xpand.one\/de\/stiftung\/wp-json\/wp\/v2\/users\/2"}],"replies":[{"embeddable":true,"href":"https:\/\/xpand.one\/de\/stiftung\/wp-json\/wp\/v2\/comments?post=1081"}],"version-history":[{"count":4,"href":"https:\/\/xpand.one\/de\/stiftung\/wp-json\/wp\/v2\/pages\/1081\/revisions"}],"predecessor-version":[{"id":2040,"href":"https:\/\/xpand.one\/de\/stiftung\/wp-json\/wp\/v2\/pages\/1081\/revisions\/2040"}],"wp:attachment":[{"href":"https:\/\/xpand.one\/de\/stiftung\/wp-json\/wp\/v2\/media?parent=1081"}],"curies":[{"name":"wp","href":"https:\/\/api.w.org\/{rel}","templated":true}]}}